at is the value of (14 - 25) + 14 - 9?
-6
Evaluate (2 - 4) + (1 - (-3 + 0)).
2
What is the value of 2 + 3 + (0 + 3 - 3)?
5
Calculate 0 - (1 - (4 + 1)).
4
(2 - 5) + (-25 - -29)
1
What is (10 - 4) + -9 - -6 - 2?
1
What is the value of (3 - 1) + -10 + (8 - -5)?
5
-3 + (8 - 4) + -1
0
-5 + 3 + -3 - -3
-2
What is -1 - 3 - (9 - 9)?
-4
What is (-8 - (-6 - 13)) + -1?
10
(5 - (-7 - -7)) + -18 + 5
-8
What is the value of (6 - 5) + 1 + -5 + 0?
-3
Calculate 18 - (19 + 6) - (-1 - 14).
8
What is (-3 - 5 - -13) + -11?
-6
What is the value of -2 + -2 - (4 + 2 + 1)?
-11
Calculate -1 + 15 - (-12 - -34).
-8
8 + -10 - (1 + 2)
-5
What is 1 - 2 - (8 - 9)?
0
1 - ((-8 + 3 - -2) + 1)
3
What is -7 + -2 + (-7 - -8) + 4?
-4
Calculate 6 - (-3 + (1 - 4) + 9).
3
Calculate -6 - (-6 - (-6 - -3) - 3).
0
23 - 31 - (2 - 14)
4
Evaluate -1 + -8 + 4 + 1.
-4
What is the value of -2 - -1 - (-2 - (1 + 0))?
2
What is the value of 3 + (-5 - (2 + -10)) + -11?
-5
Evaluate (0 - -3) + (-7 - -5 - -1).
2
Calculate (9 - 22) + 0 + 8.
-5
Evaluate -1 + (-6 - 0 - -3).
-4
Evaluate -6 + 10 - (5 + 0).
-1
What is -2 + -1 + (3 - 1)?
-1
(-13 - -2) + (14 - (0 - -12))
-9
Calculate -15 + 8 + -1 + 2.
-6
Evaluate -4 + 9 + -6 + -4 + 0.
-5
Calculate 1 + -4 + 5 + 0 + -3.
-1
Calculate (9 - 0 - 0) + -236 + 230.
3
Evaluate 6 + -1 - (2 + 1 + 3).
-1
What is the value of 0 + -2 - (-6 + 5)?
-1
Evaluate -27 - -33 - (6 - 1).
1
Calculate (-3 - 4) + 0 - -2.
-5
6 + (1 - -2) + (12 - 17)
4
(2 - 0) + 1 + 0 + -3
0
Calculate -2 - (0 + -6 + 12 + -4).
-4
Evaluate -8 + (6 - 7 - -5).
-4
Evaluate 4 - (-6 - (-5 + 2) - -1).
6
What is (-3 - -8) + 9 + -9?
5
What is the value of -1 - 0 - (-31 + 36) - -6?
0
What is 4 - ((-4 - 1) + 7) - -4?
6
What is 6 + 2 + -4 + 1?
5
Evaluate 3 - (7 + (3 - 5)).
-2
What is -2 + (0 - -5) + 0?
3
Evaluate 6 + (-4 + -2 - -4).
4
What is 10 + 0 - 9 - 7?
-6
What is the value of (2 + -3 - 0) + 2 + 3?
4
Calculate (1 - -8) + (4 - 8) + 1.
6
Evaluate (3 - -1) + -10 + 8.
2
(-2 - (12 + -6) - -3) + 4
-1
What is -2 - (-1 + -4 + 1)?
2
Calculate -2 + (0 - 1) + 3 + -4.
-4
What is the value of 4 + 3 + -3 + 0?
4
-41 + 44 - (2 + 0) - -6
7
43 - 31 - (1 - -2)
9
What is 71 + -64 + -5 + (1 - 1)?
2
Calculate 6 + -6 - (1 + 6 - 3).
-4
-2 - (9 - (15 - 8))
-4
-15 + 11 - (-1 - -3)
-6
Evaluate -3 - (-10 - (-4 + 6 + -5)).
4
Calculate -14 + 15 - (5 + (-5 - -3)).
-2
Evaluate -6 - (-3 - 14) - 11.
0
Calculate -2 - 4 - -1 - (2 - 5).
-2
Calculate (-5 - 10) + 16 - (0 - -1).
0
(-3 + -1 - -3) + (0 - -5)
4
What is the value of -2 + 2 - (-21 + 20 + -6)?
7
Calculate 3 + 0 + 3 + -1.
5
(245 - 238) + (-11 - (2 - 0))
-6
Calculate 0 + (-1 - (-2 - -1)).
0
Calculate -9 + 8 + (-4 - -2).
-3
Evaluate -13 + (11 - 2 - -2).
-2
What is (7 - 7) + (4 - 2 - -1)?
3
What is the value of -7 + 10 + -3 + -6 + 13?
7
Calculate -1 - -4 - (-16 + 15).
4
6 + -2 + (-1 - (-1 - -3))
1
-2 - (-3 + 1 + -4)
4
What is the value of 2 + -5 + -1 - -9?
5
What is the value of 1 + (2 - 3) + -4 + -3?
-7
What is (-8 - -2 - -3) + 4?
1
What is the value of 5 + -3 - (2 + (4 - 3))?
-1
What is the value of -2 + -11 + (8 - -2)?
-3
-5 + (4 - (-5 + -1))
5
What is 1 + 1 + 1 + (5 - 4)?
4
Evaluate (5 - 0 - (7 - -4)) + 4.
-2
Calculate (-2 + 2 + 3 - -1) + -5.
-1
Calculate 8 + -12 + 8 + (-3 - 1).
0
-6 + 9 + -13 + 9
-1
(28 - 38) + 10 + -1
-1
-6 + (-2 - -2 - -2)
-4
Evaluate 2 + -4 + 5 + -5 - 0.
-2
What is the value of 1 + -4 - (-5 - (-2 - -5))?
5
What is the value of 1 + 3 + -5 + -3?
-4
What is the value of -3 + (-1 - -5) - 1?
0
Evaluate -1 + 9 + -8 + 5.
5
Evaluate 1 - -1 - (17 + (4 - 12)).
-7
What is -1 + 3 + (19 - 21)?
0
Calculate 3 + (-2 - (-3 + 1)) + -1.
2
Calculate -10 + 1 + 7 + 0 - 6.
-8
What is the value of -4 + (-1 + 2 + -1 - 0)?
-4
Evaluate (1 + -2 - 0) + (-7 - -11).
3
What is the value of 21 - (-18 + 42) - (-10 + 1)?
6
(-23 - -19) + 1 + -2
-5
3 + (2 - 7 - -9) + -2
5
What is the value of (1 - -4 - 10 - -7) + 0?
2
What is the value of (1 - -1) + 1 - (5 + -4)?
2
Calculate 35 + -28 - (6 + 2).
-1
Calculate 2 + (5 - (-4 + 2 + 4)).
5
What is (4 - 3 - 2) + 5?
4
What is (-13 - 0) + 4 + -12 + 13?
-8
Calculate 8 - (-4 + (-3 - (-3 + -7))).
5
Evaluate 0 - ((0 - 0) + (5 - 7)).
2
Calculate 2 + -3 + 2 - (9 + -14).
6
What is (1 - (-3 - 2)) + -2?
4
3 + (-10 - 3) + 2 - -3
-5
What is -2 + (3 - 7 - -3 - 0)?
-3
Evaluate (-5 - 0) + -5 + 0 + 7.
-3
What is the value of 5 - 1 - (-2 + 5 - 0)?
1
What is -5 - -1 - (11 - 10)?
-5
Evaluate -15 + (-4 - -7) - -7.
-5
What is (1 - (2 - -2)) + 7 + -4?
0
What is the value of 0 + -2 + -1 + 0 + 2?
-1
What is -6 + 10 + (7 - (0 + 6))?
5
Calculate -3 + -4 + -3 + 4.
-6
Calculate (6 - 26 - -9) + 16.
5
What is the value of 2 + (4 + 0 - 6)?
0
3 - (-6 - -3) - 4 - 1
1
(-5 - (2 + -1)) + 1 - 0
-5
What is 113 - 107 - (14 - -1)?
-9
6 - (24 - 23 - (1 + -1))
5
(-2 - -2) + 2 + (-8 - -3)
-3
What is -4 - (-10 + 4 + 9)?
-7
Calculate (-2 - 5) + 5 + 7 + -2.
3
What is -7 - 6 - -6 - -7?
0
What is 2 + (0 - (1 - 1))?
2
What is the value of 5 + (-7 - 4) - 3?
-9
3 - (4 - (-3 - -4))
0
-5 + (8 - 2 - 1)
0
Calculate 0 + -2 + -14 + (-3 - -16).
-3
What is 9 + (-7 - (-11 + 18))?
-5
Calculate 2 + (3 + -11 - -5) - 0.
-1
What is (26 + -26 - (-4 - -1)) + 5?
8
What is the value of (-1 - (3 - 3)) + -6 - -10?
3
8 - 1 - (4 - 4 - -5)
2
What is the value of 2 + 2 + -1 + (2 - 5)?
0
What is the value of 2 - -3 - (-6 + 11)?
0
Calculate (-2 - 0) + 0 + 5.
3
-2 + 8 + 0 + -5
1
What is -9 + (2 - -3) + 7 + -3?
0
What is (-3 - (-9 + 4)) + (3 - 1)?
4
Calculate 8 + (3 - (12 - 7)).
6
11 + -6 + (-5 - (1 - 0))
-1
Calculate 8 + -3 + -9 + 1 + 1.
-2
-2 - (4 + (-5 - -2 - 3))
0
Evaluate (-3 + -1 - 0) + 3.
-1
What is -2 + 3 + 9 + (2 - 5)?
7
Calculate -3 - (6 + (-5 - -1)).
-5
Evaluate -5 + 10 + 2 - 7.
0
-1 + 11 - (19 - 14)
5
What is -10 - ((1 - 10) + 5) - 0?
-6
3 + (-3 - 2) + -3 - -2
-3
What is -2 - -1 - (1 + -8 + 6)?
0
(8 - 4 - 3) + -3
-2
Evaluate (-8 - -9) + (1 - 6).
-4
Evaluate 8 + -5 + -2 + (0 - 0).
1
Calculate (1 - 10) + 12 + 4.
7
Calculate -7 + (-1 - (5 + -1 - 10)).
-2
What is the value of 4 + -3 + -8 + 14?
7
Calculate -3 + 0 - (0 + 0 - 0).
-3
Evaluate -2 + -1 - (3 - (7 + -1)).
0
What is -3 - (-4 - (6 + (3 - 5)))?
5
10 - (-8 + -2 - -12)
8
Evaluate -2 - 4 - 8 - -15.
1
What is (2 - (5 + -1)) + 2?
0
What is the value of 3 + -3 - (0 - 7)?
7
Calculate -11 + 1 + 5 - (-1 + 3).
-7
Evaluate -13 + 0 + 1 + 9.
-3
What is -21 - 1 - (-19 - -6)?
-9
Calculate -5 + (12 - 5) + 9.
11
Evaluate (-24 - -33 - (0 + 1)) + -5.
3
-3 - (-7 - (2 - (5 + -1)))
2
Calculate (-1 + -1 - (2 + -8)) + 1.
5
Calculate 0 + 0 - (-19 + 11).
8
What is 1 + (2 - 7 - (0 + -4))?
0
Calculate -5 + -8 + 7 + (4 - -1).
-1
What is the value of 2 + 1 - (2 - (-4 + 5))?
2
Calculate -46 + 46 - (-5 + -2).
7
-10 + 6 + 3 + -4
-5
What is 2 + 1 - (-6 + 4 + 4)?
1
What is the value of 13 + -5 + -3 + -2?
3
Evaluate 1 + -14 + (-88 - -92).
-9
Evaluate 5 - (4 - 2) - 3 - -6.
6
What is 73 + -72 + (0 - 0)?
1
11 - 6 - -1 - (-1 + 1)
6
What is (1 - 0) + -24 + 27?
4
What is the value of (-31 - -34) + (1 - 8)?
-4
Calculate 4 + 2 + -9 + -1 + 6.
2
1 + -1 + (-13 - (-10 + -3))
0
What is (1 - -3) + (-2 - 9 - -3)?
-4
What is 13 + (9 - 20) + 6?
8
Calculate -8 - 0 - (0 + -14).
6
Calculate 5 + 2 + -1 + -1.
5
Calculate -9 - 7 - -13 - (3 + 0).
-6
4 - (-3 + 4) - -1
4
Calculate -35 + 40 + (2 + -2 - 2).
3
What is the value of 5 + -4 - ((-3 - -9) + -2)?
-3
What is the value of (5 - 7) + 3 + -2?
-1
Calculate 4 + (-8 - (-7 - (3 + -7))).
-1
What is the value of 44 + -45 + (-2 - -1) + 4?
2
Evaluate -5 + 1 + -4 + 13.
5
What is -11 + 6 - (-18 + 7)?
6
What is 4 + (-7 + 4 - 1 - -1)?
1
What is the value of -5 + (-6 - (-12 + 0)) + 4?
5
What is the value of 7 - ((-48 - -52) + (1 - 4))?
6
Calculate 4 + (-2 - 4) + 5.
3
What is the value of (0 - (3 - 5)) + 0?
2
What is the value of 2 + 9 - (19 + -3)?
-5
4 + (-2 - (-2 - -1)) + -7
-4
What is the value of 8 + (-3 + 4 - 6)?
3
-7 + 6 + -5 + -1
-7
Evaluate (-1 - -6) + (62 - 65).
2
Evaluate -5 - -1 - -11 - (22 + -24).
9
Evaluate 7 + -13 + (-5 - -9) + 3.
1
Calculate (-13 + 12 - 5) + 0 + -1.
-7
Evaluate (1 - 1) + (55 - 51).
4
-10 + 6 + -6 + 5
-5
What is -6 + (1 + -6 - (3 - 7))?
-7
Evaluate 5 - (-6 + 5) - 4 - -4.
6
What is -3 + 10 + (3 + -8 - 0)?
2
-3 + 3 - 5 - -9 - 2
2
Calculate -1 - (-4 - 0 - -1).
2
Evaluate 0 + -1 + 3 + (2 - 0).
4
Evaluate -13 - (-2 + (-1 + 1 - 3)).
-8
Evaluate (-4 - -11) + -9 + 5.
3
What